{"id":5832,"date":"2018-07-04T08:54:24","date_gmt":"2018-07-04T08:54:24","guid":{"rendered":"http:\/\/catchthemes.com\/demo\/solid-construction-free\/?page_id=5832"},"modified":"2018-07-04T08:54:24","modified_gmt":"2018-07-04T08:54:24","slug":"amazing-construction-service","status":"publish","type":"page","link":"https:\/\/catchthemes.com\/demo\/solid-construction-classic-free\/amazing-construction-service\/","title":{"rendered":"Amazing Construction Service"},"content":{"rendered":"<p>Cheesecake gummi bears cookie cake. Biscuit marzipan icing topping. Marzipan candy cupcake danish. Sweet gummi bears sweet. Cotton candy lemon drops lemon drops muffin fruitcake pastry cake dessert chocolate bar. Drag\u00e9e cupcake candy canes marzipan. Bear claw souffl\u00e9 cookie cupcake powder danish lollipop.<\/p>\n<p>Sugar plum toffee cheesecake. Macaroon chupa chups brownie brownie candy canes. Sweet roll croissant candy canes souffl\u00e9 sesame snaps danish pie toffee cake. Tiramisu tiramisu cupcake caramels brownie cake souffl\u00e9 marzipan. Sugar plum ice cream gingerbread drag\u00e9e pudding apple pie. Danish souffl\u00e9 donut cookie jujubes oat cake icing chocolate bar chupa chups. Cotton candy jelly icing topping topping gummies.<\/p>\n","protected":false},"excerpt":{"rendered":"<p>Cheesecake gummi bears cookie cake. Biscuit marzipan icing topping. Marzipan candy cupcake danish. Sweet gummi bears sweet. Cotton candy lemon drops lemon drops muffin fruitcake<span class=\"more-button\"><a href=\"https:\/\/catchthemes.com\/demo\/solid-construction-classic-free\/amazing-construction-service\/\" class=\"more-link\">Continue reading<span class=\"screen-reader-text\">Amazing Construction Service<\/span><\/a><\/span><\/p>\n","protected":false},"author":1,"featured_media":5699,"parent":0,"menu_order":0,"comment_status":"closed","ping_status":"closed","template":"","meta":{"footnotes":""},"class_list":["post-5832","page","type-page","status-publish","has-post-thumbnail","hentry"],"_links":{"self":[{"href":"https:\/\/catchthemes.com\/demo\/solid-construction-classic-free\/wp-json\/wp\/v2\/pages\/5832","targetHints":{"allow":["GET"]}}],"collection":[{"href":"https:\/\/catchthemes.com\/demo\/solid-construction-classic-free\/wp-json\/wp\/v2\/pages"}],"about":[{"href":"https:\/\/catchthemes.com\/demo\/solid-construction-classic-free\/wp-json\/wp\/v2\/types\/page"}],"author":[{"embeddable":true,"href":"https:\/\/catchthemes.com\/demo\/solid-construction-classic-free\/wp-json\/wp\/v2\/users\/1"}],"replies":[{"embeddable":true,"href":"https:\/\/catchthemes.com\/demo\/solid-construction-classic-free\/wp-json\/wp\/v2\/comments?post=5832"}],"version-history":[{"count":0,"href":"https:\/\/catchthemes.com\/demo\/solid-construction-classic-free\/wp-json\/wp\/v2\/pages\/5832\/revisions"}],"wp:featuredmedia":[{"embeddable":true,"href":"https:\/\/catchthemes.com\/demo\/solid-construction-classic-free\/wp-json\/wp\/v2\/media\/5699"}],"wp:attachment":[{"href":"https:\/\/catchthemes.com\/demo\/solid-construction-classic-free\/wp-json\/wp\/v2\/media?parent=5832"}],"curies":[{"name":"wp","href":"https:\/\/api.w.org\/{rel}","templated":true}]}}